at are the prime factors of 3503456?
2, 11, 37, 269
What are the prime factors of 407067?
3, 47, 2887
List the prime factors of 12364986.
2, 3, 1327, 1553
What are the prime factors of 264?
2, 3, 11
List the prime factors of 2341732.
2, 227, 2579
What are the prime factors of 10002847?
10002847
List the prime factors of 2030056.
2, 7, 36251
What are the prime factors of 843124?
2, 41, 53, 97
List the prime factors of 1412755.
5, 59, 4789
List the prime factors of 12473958.
2, 3, 7, 23, 37, 349
What are the prime factors of 1374340?
2, 5, 11, 6247
What are the prime factors of 675407?
675407
List the prime factors of 202567.
202567
List the prime factors of 1244889.
3, 47, 109
What are the prime factors of 5067571?
89, 97, 587
What are the prime factors of 10768263?
3, 11, 151, 2161
What are the prime factors of 1712421?
3, 29
What are the prime factors of 2274523?
2274523
List the prime factors of 5503213.
31, 113, 1571
What are the prime factors of 269310?
2, 3, 5, 47, 191
What are the prime factors of 4007983?
7, 101, 5669
What are the prime factors of 195253?
195253
List the prime factors of 361.
19
What are the prime factors of 15551668?
2, 11, 17, 1223
List the prime factors of 813042.
2, 3, 17, 2657
What are the prime factors of 19633392?
2, 3, 136343
List the prime factors of 257597.
173, 1489
List the prime factors of 5795792.
2, 362237
What are the prime factors of 30061089?
3, 331, 10091
List the prime factors of 274142.
2, 11, 17, 733
List the prime factors of 1611627.
3, 389, 1381
What are the prime factors of 5096225?
5, 23, 8863
What are the prime factors of 1699317?
3, 43, 4391
What are the prime factors of 1351480?
2, 5, 13, 23, 113
What are the prime factors of 159183?
3, 23, 769
List the prime factors of 1298521.
7, 103, 1801
What are the prime factors of 275790?
2, 3, 5, 29, 317
What are the prime factors of 1620592?
2, 101287
List the prime factors of 246721.
17, 23, 631
List the prime factors of 3699504.
2, 3, 23, 1117
List the prime factors of 1627071.
3, 659, 823
List the prime factors of 433252.
2, 89, 1217
What are the prime factors of 379495?
5, 71, 1069
What are the prime factors of 13530609?
3, 1503401
What are the prime factors of 1031626?
2, 515813
What are the prime factors of 55825?
5, 7, 11, 29
List the prime factors of 3748653.
3, 17, 8167
What are the prime factors of 466023?
3, 31, 5011
What are the prime factors of 684670?
2, 5, 7, 9781
What are the prime factors of 1067868?
2, 3, 29663
List the prime factors of 4121532.
2, 3, 114487
List the prime factors of 92587.
11, 19, 443
What are the prime factors of 895382?
2, 53, 8447
What are the prime factors of 13770914?
2, 6885457
What are the prime factors of 1525271?
11, 138661
List the prime factors of 635615.
5, 127123
List the prime factors of 6512540.
2, 5, 325627
List the prime factors of 20418310.
2, 5, 11, 185621
What are the prime factors of 2692910?
2, 5, 11, 24481
What are the prime factors of 208607?
7, 17, 1753
List the prime factors of 14938217.
7, 239, 8929
What are the prime factors of 1140487?
1140487
What are the prime factors of 500151?
3, 293, 569
What are the prime factors of 16243?
37, 439
List the prime factors of 3466094.
2, 19, 53, 1721
What are the prime factors of 213066?
2, 3, 7, 19, 89
What are the prime factors of 82655?
5, 61, 271
What are the prime factors of 3113368?
2, 389171
What are the prime factors of 1432328?
2, 179041
List the prime factors of 180278.
2, 7, 79, 163
List the prime factors of 763895.
5, 11, 17, 19, 43
List the prime factors of 475826.
2, 13, 18301
What are the prime factors of 657123?
3, 219041
What are the prime factors of 903164?
2, 23, 9817
List the prime factors of 131361.
3, 43787
List the prime factors of 12944925.
3, 5, 7, 8219
List the prime factors of 93590.
2, 5, 7, 191
What are the prime factors of 2837163?
3, 7, 167, 809
What are the prime factors of 1236104?
2, 17, 61, 149
What are the prime factors of 204297?
3, 68099
List the prime factors of 548259.
3, 127, 1439
List the prime factors of 1552889.
13, 19, 6287
What are the prime factors of 6260221?
11, 569111
What are the prime factors of 1216052?
2, 304013
What are the prime factors of 1042481?
11, 94771
List the prime factors of 553727.
553727
List the prime factors of 254418.
2, 3, 42403
List the prime factors of 1993287.
3, 227, 2927
List the prime factors of 319055.
5, 11, 5801
What are the prime factors of 1239411?
3, 31, 13327
What are the prime factors of 121283?
121283
What are the prime factors of 24716849?
24716849
What are the prime factors of 8278474?
2, 41, 100957
List the prime factors of 647792.
2, 40487
List the prime factors of 9844512.
2, 3, 102547
List the prime factors of 153617.
23, 6679
What are the prime factors of 489605?
5, 181, 541
What are the prime factors of 1714689?
3, 21169
List the prime factors of 747217.
607, 1231
List the prime factors of 12339091.
103, 119797
What are the prime factors of 549858?
2, 3, 113, 811
List the prime factors of 1493238.
2, 3, 191, 1303
List the prime factors of 487040.
2, 5, 761
List the prime factors of 274806.
2, 3, 7, 727
List the prime factors of 8039.
8039
List the prime factors of 117939.
3, 39313
List the prime factors of 1784302.
2, 13, 5279
What are the prime factors of 400782?
2, 3, 66797
What are the prime factors of 9839957?
17, 578821
What are the prime factors of 1418445?
3, 5, 7, 19, 79
What are the prime factors of 14125884?
2, 3, 1177157
What are the prime factors of 2150292?
2, 3, 29, 37, 167
What are the prime factors of 442638?
2, 3, 7, 1171
What are the prime factors of 149713?
149713
What are the prime factors of 590441?
41, 14401
What are the prime factors of 865854?
2, 3, 11, 4373
What are the prime factors of 482721?
3, 160907
List the prime factors of 436763.
109, 4007
What are the prime factors of 3740288?
2, 29221
List the prime factors of 640462.
2, 179, 1789
What are the prime factors of 462766?
2, 43, 5381
What are the prime factors of 20271424?
2, 383, 827
What are the prime factors of 2934425?
5, 13, 9029
List the prime factors of 22102551.
3, 30319
List the prime factors of 781803.
3, 11, 53, 149
What are the prime factors of 1681326?
2, 3, 93407
What are the prime factors of 13571547?
3, 11, 411259
What are the prime factors of 1557756?
2, 3, 43271
What are the prime factors of 11265215?
5, 13, 71, 2441
What are the prime factors of 58639?
7, 8377
What are the prime factors of 504849?
3, 17, 19, 521
What are the prime factors of 724858?
2, 362429
List the prime factors of 683060.
2, 5, 7, 17, 41
What are the prime factors of 203015?
5, 19, 2137
What are the prime factors of 10788665?
5, 2157733
List the prime factors of 1425842.
2, 11, 64811
What are the prime factors of 95483?
95483
What are the prime factors of 1543560?
2, 3, 5, 19, 677
What are the prime factors of 2394922?
2, 113, 10597
List the prime factors of 4386936.
2, 3, 182789
What are the prime factors of 282195?
3, 5, 6271
List the prime factors of 73558.
2, 36779
What are the prime factors of 3864980?
2, 5, 7, 19, 1453
What are the prime factors of 721264?
2, 61, 739
What are the prime factors of 318396?
2, 3, 13, 157
What are the prime factors of 1012198?
2, 11, 139, 331
List the prime factors of 142270.
2, 5, 41, 347
What are the prime factors of 13271750?
2, 5, 53087
List the prime factors of 1172014.
2, 17, 34471
List the prime factors of 955016.
2, 19, 61, 103
What are the prime factors of 126083?
59, 2137
List the prime factors of 1787862.
2, 3, 19, 15683
List the prime factors of 1166883.
3, 388961
What are the prime factors of 90376?
2, 11, 13, 79
What are the prime factors of 107180?
2, 5, 23, 233
What are the prime factors of 15711?
3, 5237
What are the prime factors of 19983985?
5, 7, 239, 2389
List the prime factors of 428231.
428231
What are the prime factors of 1254256?
2, 277, 283
What are the prime factors of 342088?
2, 61, 701
What are the prime factors of 994646?
2, 497323
List the prime factors of 1391373.
3, 31, 4987
What are the prime factors of 57131?
57131
List the prime factors of 629045.
5, 97, 1297
What are the prime factors of 7260833?
293, 24781
List the prime factors of 3034784.
2, 94837
What are the prime factors of 9305412?
2, 3, 775451
List the 